der when 17 is divided by p(g)?
8
Suppose 2*b - 5*b + 12 = 0. Suppose -4*x = -5*g + 274, -4*x + 211 = b*g - 37. Calculate the remainder when g is divided by 4*(1/(-3) + 2585/564).
7
Let l = -1987 + 2384. Calculate the remainder when l is divided by 72.
37
Suppose -2145*t - 160 = -3*p - 2141*t, 5*t = 5*p - 280. Let k = 193 - -252. What is the remainder when k is divided by p?
61
Suppose 0 = 6*j - 548 - 250. Let l(v) = -2*v + 34. Let s = -37 - -37. Calculate the remainder when j is divided by l(s).
31
Suppose 23801 = 19*y + 5770. What is the remainder when y is divided by 54?
31
Suppose -5*t = w - 1 - 17, -5*w - 2*t = 2. Let q(b) = b**3 - 18*b**2 + 18*b + 10. What is the remainder when q(17) is divided by (-1)/(w*(-5)/(-150))?
12
Suppose -2*p - 3 = 3*v - 5*p, 3*v + 5*p + 19 = 0. Let u be 1*8/(-12)*v. What is the remainder when 20 is divided by (-3)/u*154/(-21)?
9
Let t(s) = -4*s**2 - 3*s + 33. Let o be t(8). Let v = 264 + o. What is the remainder when 22 is divided by v?
5
Let n be ((-1)/((-3)/9))/(6/4). Suppose n*x - 5*x - 12 = 0, 2*l - 192 = -3*x. Suppose 10*q - l = 4*q. Calculate the remainder when 32 is divided by q.
15
What is the remainder when ((13790/30)/(-7))/((-2)/6) is divided by 190?
7
Let d(t) = t**2 + 24*t + 159. Suppose 22 = 4*h + 58. What is the remainder when 44 is divided by d(h)?
20
Let a(n) = n**2 - 10*n - 7. Let h be a(13). Suppose -s = 2*o - 19, s - h = -o + 5*s. Calculate the remainder when 21 is divided by o.
9
Let k(o) = 40*o**3 + 2*o**2 + 3*o + 1. Let y be k(-1). Let l be -1 - 1 - (y - 1). Let i = l - 21. Calculate the remainder when 70 is divided by i.
16
Let k(y) = y**2 + 5*y - 41. Let a be k(-11). Let m(p) = p**3 - 26*p**2 + 23*p + 57. What is the remainder when 12 is divided by m(a)?
5
Suppose -22855*z = -22870*z + 7290. What is the remainder when z is divided by 136?
78
Let m(r) be the second derivative of -44*r**3/3 - 9*r**2/2 + 87*r + 2. What is the remainder when m(-1) is divided by 5?
4
Suppose 30 = 11*l - 5*l. Suppose -5*k + 292 = -3*q, 2*k = -l*q - 47 + 139. Calculate the remainder when k is divided by 15.
11
Let y = 103 + -51. Let t be -89 - 3*(-4)/(-12). What is the remainder when y is divided by (-2)/8 - t/8?
8
Suppose 5*z + 2*l - 43 = 0, 0*l = 2*z - 4*l - 22. Suppose -16*v = -z*v - 91. Calculate the remainder when 232 is divided by v.
11
Suppose 34*a = 8*a + 293 + 123. What is the remainder when 1516 is divided by a?
12
Suppose f - 6*f = -725. Suppose 2*d + 25 = -l, 0*d - 94 = 4*l + 5*d. Let b = f + l. Calculate the remainder when b is divided by 25.
24
Let b = -322 - -350. Let t(p) = p**3 - 29*p**2 + 31*p - 19. What is the remainder when 128 is divided by t(b)?
63
Let h = 381 + -469. Let g = -31 - h. What is the remainder when 77 is divided by g?
20
Let k(b) = -b**2 + 25*b + 31. Let s(c) = 2*c**2 + c + c**2 + c + 0 - 4. What is the remainder when s(-6) is divided by k(25)?
30
Calculate the remainder when 1697 is divided by 36 - (-4 + -5 + (-8 - -7)).
41
Suppose 1917 - 81 = 4*y + 2*i, y - 456 = -2*i. Let j = y + -1468. What is the remainder when (j/(-98))/(2/14) is divided by 15?
12
Let y(m) = m**3 + 4*m**2 - 170*m + 48. Calculate the remainder when y(-14) is divided by 65.
13
Let i = 353 + -350. Suppose -2*w + 194 + 125 = -3*d, -i*w + 501 = 3*d. What is the remainder when w is divided by 21?
17
Let q = -222 + 5847. Calculate the remainder when q is divided by 42.
39
Suppose -3*g + 258 + 137 = f, 3*f - 145 = -g. Let n = g - 92. What is the remainder when n is divided by 8?
6
Suppose 0 = -5*m + 160 - 40. Let n = -48 + 43. What is the remainder when m is divided by (n/4)/(3/(-60)*5)?
4
Suppose -12*o + 13*o + 376 = 6*w, 3*w = -3*o + 216. What is the remainder when w is divided by 195/6 - (-1)/2?
31
Let g = -59 - -61. Suppose -g*d + 56 = -2*f + 6*f, -3*d - 4*f = -88. Calculate the remainder when d is divided by 9.
5
Suppose 0*k + 2*k - 151 = -5*h, -3*h + 4*k = -101. Suppose 28*u = h*u - 135. Calculate the remainder when u is divided by 24.
21
Let b(z) be the second derivative of 2*z**3 + 3*z**2 - 3*z. Let m(n) = n**3 - 10*n**2 - 3*n - 6. Calculate the remainder when m(11) is divided by b(3).
40
Suppose -4*a - 3*z = -503, 14*a - 16*a + 219 = -5*z. What is the remainder when 350 is divided by a?
106
Suppose -16*u + 41 = -7. Suppose u*v + c - 169 = 0, c + 59 = -2*v + 170. Calculate the remainder when v is divided by 31.
27
Suppose 18*l = 10 + 8. Let c(g) = 42*g - 31. What is the remainder when 31 is divided by c(l)?
9
Suppose -29*u + 120 = -10*u + u. Calculate the remainder when u is divided by ((-10)/(-4))/(3/6).
1
Suppose -5*a + 9595 = -2*z, 0 = -4*a - 5*z + 9*z + 7688. Calculate the remainder when a is divided by 20.
17
Let y = 16321 + -16309. Calculate the remainder when 24357 is divided by y.
9
Suppose 5*r + 5*p - 1640 = 6*p, -20 = 4*p. Let g = 344 - r. What is the remainder when g is divided by 12?
5
Let q be 18/90 + 21/10*-2. Let l = q + 17. Calculate the remainder when -34*(-12)/8 - 3 is divided by l.
9
Suppose -15*u - 132975 = -133125. Let i = -459 + 1026. Suppose 0 = -4*c - 3*h + i, 5*c + 2*h - 705 = -h. Calculate the remainder when c is divided by u.
8
Suppose 234 = 3*p + 204. Suppose -3*b = -7*b + 116. What is the remainder when b is divided by p?
9
Suppose 11 = 5*t + 46. Let i(j) = -j + 24. What is the remainder when 85 is divided by i(t)?
23
Let d be 2/(-8 - 2) - 221/(-5). Let u = 49 - d. Let a = 6 + u. Calculate the remainder when a is divided by 3.
2
Let c(b) = 2*b - 2. Let h be c(3). Suppose 2*n - 99 = -m, 0 = -5*n + n - h*m + 200. Let d = 207 - 112. Calculate the remainder when d is divided by n.
46
Let g be (-7)/4*(-200)/175. Suppose 0 = -4*l + 126 + 138. Suppose -3 = -c - 4*s, -c - g*s = -5*c + l. What is the remainder when c is divided by 5?
0
Let k(u) = -3 + u**2 - 2*u**2 + 19*u + 4*u. Let z be -1*19*6/(-6). Calculate the remainder when k(z) is divided by 19.
16
Suppose 4*x + 88 + 15 = 3*a, -3*x = -a + 36. Let q be (-2)/(-5)*(-15)/6. Calculate the remainder when (849/6 - q)*(-4)/(-6) is divided by a.
29
Suppose -131*g + 134*g - 2*f = 9853, 2*g + f - 6550 = 0. Calculate the remainder when g is divided by 814.
23
Suppose 0 = -7*b + 6*b + 40. Let d = b + -37. Calculate the remainder when 23 is divided by d/1*(-15 + 18).
5
Suppose 0 = -5*f + 3*z + 444, z + 125 = 122. Calculate the remainder when 3490/14 + (-138)/483 is divided by f.
75
Suppose -2*v = -3*n - 149, 3*n - 2*n - 137 = -2*v. Calculate the remainder when 461 is divided by v.
41
Let d be 74/(-3)*1/(5/(-15)). Let t = 141 - d. What is the remainder when t is divided by 23?
21
Let f(j) = -2*j**3 - 11*j**2 - 12*j + 2. Let y be f(-4). What is the remainder when 216 is divided by (-5 - -9)*y + 2?
6
Let j = -17547 - -18478. Calculate the remainder when j is divided by 457.
17
Calculate the remainder when 2676 is divided by 265/14 + 3/(-7) + (-16)/32.
12
Let q be (-17)/(-102) - 50/12. Let w be (-2 - 12/q)*4. Let a = 11 + w. Calculate the remainder when 72 is divided by a.
12
Suppose 0 = -10*r + 41 - 11. What is the remainder when (-3710)/159*r/(-2) is divided by 18?
17
Calculate the remainder when 253 is divided by (-32)/((-2016)/27) + 1656/7.
16
Let x = 46 + 395. Let c = -385 + x. Calculate the remainder when 389 is divided by c.
53
Let u(c) = -c**2 + 846*c - 22862. Suppose 66 = -2*d + 3*d. What is the remainder when d is divided by u(28)?
24
Suppose -387*y - 4968 = -410*y. Calculate the remainder when y is divided by 213.
3
Let o(c) = -c**3 + 37*c**2 + 33*c + 50. Let w be o(38). What is the remainder when (-32100)/w - 3*(-4)/(-42) is divided by 33?
31
Let n be (-25)/(-15) - 14712/36. Let c = 429 + n. What is the remainder when (-3 + 16)*(5 + 0) is divided by c?
21
Let p = -19435 + 20114. Calculate the remainder when p is divided by 137.
131
Suppose 2*u - 4*j + 25 = 21, 5*j + 20 = 5*u. What is the remainder when 1797 is divided by u?
7
Let m(i) = i**3 + 7*i**2 + i + 13. Let t = -57 + 182. What is the remainder when t is divided by m(-6)?
39
Let h = -1 + 3. Suppose h*f - 41 - 22 = -z, 3*f + 2*z = 95. Let q = 341280 + -341272. What is the remainder when f is divided by q?
7
Let f(t) be the second derivative of -3*t**5/10 + t**4/3 + 7*t**3/6 + 3*t**2/2 - 31*t. Calculate the remainder when f(-2) is divided by 11.
9
Suppose -285 = -i - 122. L